28
What is (11 - (34 + 101)) + 24 + -1?
-101
What is 41 - ((-26 - -43 - 36) + 28)?
32
What is the value of -1 + -54 + 8 + (5 - (12 - 3)) + 7?
-44
Calculate -25 + 1 + (32 + (44 - 66) - -157).
143
Calculate 0 + -52 - (34 + -136).
50
-33 - (8 + (-12 - (-41 - -10)))
-60
-370 - -708 - 252 - (0 - 24)
110
Evaluate ((5 - 9) + -18 - -17) + -13.
-18
What is the value of (-58 - (-38 + 47)) + 65?
-2
Evaluate (-1 - -12 - (5 + -7 - -7)) + (76 - 42).
40
What is (3 - 5 - 5) + -57 + 25?
-39
15 - (4 - 0 - (-20 - -6))
-3
Evaluate -42 + -4 + (17 - 87) + 16.
-100
Calculate 4 + -3 + -1 + 8 - (-71 - -121) - -3.
-39
Calculate -32 - ((-1 - 118) + -578 + 601).
64
What is -29 - (-98 + (-27 - -7 - -8))?
81
Evaluate 226 - 256 - ((-1 - -21) + 8).
-58
What is (5 - 43) + 56 - 11?
7
What is the value of -27 + (-2 + -14 + (61 - 58) - -21)?
-19
What is the value of (95 - 72) + 64 + -38?
49
Calculate -30 + 21 + 26 - (-6 - (0 - -9)).
32
What is the value of -21 + (22 - (-32 - 61 - -23))?
71
Calculate (106 - (183 - 69)) + -94.
-102
What is -15 - 2 - (5 - 0) - (-11 - (3 + -4))?
-12
What is the value of (-14 - -7) + -49 - (5 - (2 - -16))?
-43
Evaluate 5 - (0 - 5) - (-58 + -29 + 31) - -12.
78
-28 - ((-12 - -11) + (9 + -18 - -17 - 17))
-18
What is 38 + (-2 - 1 - (52 + -57 + 14))?
26
What is (-128 - -100) + 1 + -11 - (17 - 7)?
-48
Evaluate 26 + (23 - (22 + 12)) + 1.
16
-12 + 124 - (16 + (26 - (4 - -10) - 13))
97
What is the value of (-2 + 0 - 9) + -2 + (941 - 944)?
-16
-7 + 5 + (7 - 1) + -12 + 10
2
What is 4 - (-12 - (-1 - -1)) - (-48 + 54)?
10
Evaluate -32 + (2 - ((-8 - -1 - 1) + 14)).
-36
What is -30 + (-29 - -57) - (3 + 15) - -67?
47
Calculate 15 - (-179 + 136 + -34).
92
Calculate 5 - (-30 - -34 - -58 - (1 - 0)).
-56
0 + 3 + -7 + 0 + (49 - -4) + -9
40
Evaluate (-15 - -7) + 7 + -1 + (0 - 2) + 7.
3
4 - (-3 + (-14 - -2) + 11 + 22)
-14
124 + -144 + (11 - -2) + -2 - (14 + -27)
4
Evaluate (-2 + 5 - (-8 + (46 - 24))) + 66.
55
What is the value of -46 + (78 - 73) - -58?
17
(-39 - (17 + -10)) + 10 + -7 + (19 - 9)
-33
125 + -67 + (-40 - -47)
65
Calculate (-21 - (16 + -57)) + 2.
22
Evaluate -18 - (62 - 66) - -18.
4
(0 - (-2 - -3)) + (3 - 1) + (84090 - 84045)
46
What is the value of 31 + -1 - (16 + 7 + -10)?
17
What is the value of (-23 - -22 - (-13 - -6 - -13)) + -40?
-47
Evaluate (-15 + -13 - -15 - -34) + -10.
11
Calculate (-1 + 3 - ((-29 - (-6 + -2)) + 13)) + -45.
-35
What is (-8 - -16) + (146 - 133)?
21
-44 - (20 - -76 - 50)
-90
16 - 77 - (-1 - (5 + 11 + -13))
-57
What is the value of -1 - -3 - ((70 - 131) + -3)?
66
What is the value of (7 - (-12 - -1) - 34) + -21?
-37
1959 - 1887 - (33 - 2)
41
Evaluate 28 + (-9 - -23) + -17.
25
Evaluate -41 - ((7 + -9 - -1) + -7 - -14).
-47
Calculate -49 + (67 - -80) + -127 + (-1 - 36).
-66
4 - (12 - (1 + 9)) - (4 + 49)
-51
Evaluate ((2 - 6) + 2 - 15) + (110923 - 110860).
46
What is the value of -56 + 13 + 68 + -43?
-18
Evaluate -1 + 2 + 3 + 7 + 5 - 37.
-21
What is -27 + (3 - -9 - -9 - 11) + -5?
-22
Calculate 2 + (10 + 0 - ((1 - 16) + 20)).
7
Evaluate -52 + -8 + -8 + -12 + (-2 - -35).
-47
What is the value of (-80 - -36) + 80 + -4?
32
(-512 - -518) + (-2 - -11)
15
What is 1 - (-5 + 14) - (-37 + -5 + 10)?
24
Evaluate -8 + 31 - 19 - 18.
-14
What is 1 + -36 + 5 + 12 + (-7 - 5)?
-30
-99 - (106 + -76 - 84)
-45
What is the value of -20 + -14 + (21 + 163 - 60)?
90
What is 1 + -2 + 2 + 205 + -108 - (-24 - -30)?
92
2 + -1 + -22 + (12013 - 12020)
-28
Calculate -1195 + 1095 + (0 - -86).
-14
What is the value of 2 + 33 - (-271 + 300) - (2 + 1)?
3
What is (-45 - -24) + 2 + 14?
-5
11 - (92 - (1 + -1) - (-1021 - -1033))
-69
Calculate 146 + -129 - (2 + -17) - (-2 - 5).
39
Evaluate -8 + -4 + 9 + 32 + 1.
30
15 - (-66 + 153) - (1 - (0 + -6))
-79
Evaluate (0 - (31 - 31)) + -7.
-7
12 + -1 + 7 + 6 + -14 + -12
-2
-7 + (20 - (7 + -1)) + -20
-13
What is the value of -36 - (32 + (-1 - 17) + -22)?
-28
Calculate -126 - (111 + -142 - 95).
0
20 + 40 - (19 + -4 - 18)
63
Calculate (-18 - -28) + -11 + 35.
34
Evaluate (3 - -5) + (-23 - (28 + 8)).
-51
Calculate 58 + (82 - 83 - (-3 + -2 + (8 - 0))).
54
What is -1 + -19 + 4 + -3 - 39?
-58
50 + -9 + (-11 + 44 - 37)
37
What is the value of 94 + -94 - (-8 + 0) - (-3 - -7)?
4
Calculate 58 + 13 + 110 + -200.
-19
Evaluate (-19 + (-6 - (-52 - -8)) - (15 - -1)) + 53.
56
What is -14 - (14 + -11) - -14 - 88?
-91
What is the value of -4 - (39 - (-5 - -67))?
19
What is -73 + 0 + (-37 + (-4 - -30) - -17)?
-67
(-4 - 5 - -21 - 6 - 11) + -35
-40
Calculate (5 - (31 + -13)) + 1 + 36.
24
Evaluate -8 - ((3 - 15) + 12 + 24).
-32
What is 14 + 7 + (-27 - 8) + -25?
-39
Calculate 16 + (2 + -9 - 0) + 0 + (236 - 240).
5
Evaluate (-4 - (3 - 32)) + -40 + 55.
40
What is the value of (-52 - (3 - 7)) + (-9 - 1 - 6)?
-64
What is -5287 + 5293 - (-1 + 0 + (-2 - -121)) - 5?
-117
What is 63 + -83 + -4 - (0 - 84)?
60
Calculate 75 - 84 - (9 - 3 - -65).
-80
What is the value of (-1 - 8 - 32) + -165 + 190?
-16
Evaluate (-47 - -8) + 1 + 23 + -1.
-16
-1 - -8 - (-5 + (2 + 3 - (-38 - -36)))
5
Calculate (14 - (0 + 9) - 35) + (-4 - -1) + 7.
-26
Calculate -54 + (2 - -111) + -46.
13
78 + -1 + 4042 + -4101
18
-100 + 117 + 13 + 17
47
Calculate (-3 - (27 + -17 + -9)) + 3.
-1
Calculate 26 + -108 + 45 + 15.
-22
Evaluate 33 + -7 - (-12 + 10 - -3).
25
What is (16 - -7 - 30) + (-31 + -4 - 4)?
-46
Calculate 47 - ((48 - 10) + 3).
6
What is the value of (-152 - (-62 + 7)) + 192?
95
What is (432 + -422 - (1 - -17)) + (-43 - 3)?
-54
What is the value of (-14 - (-57 + (-14 - -6))) + -7 - 7?
37
(369 - 406) + (10 - -1) - (-2 + 2)
-26
What is the value of -65 + (11 - (76 + -56 + (-2 - 7)) - -8)?
-57
Evaluate 22 + (-53 - -64) + -17.
16
(-89 - (8 - 17)) + -46 + 5
-121
Evaluate 18 + (0 - -24) - (-1 - 7 - 4).
54
What is 1 - 8 - (-19 + 63 - -15 - 9)?
-57
Evaluate -107 + (14 - (5 + (-5 - -25))) + 9.
-109
What is 75 + 0 + -11 + 182 + -186?
60
Evaluate 22 + (-94 - (17 + -18 + -16)).
-55
(4 - -1) + 19 + 1 + -11 + -6
8
Calculate (-1 - -5) + -14 - (2 + (-103 - -49)).
42
What is -34 + 2 + (8 - 0) + -1594 + 1596?
-22
Calculate 35 + (-5 - (-19 - -37)) - -16.
28
(-24 + (-1 - -1) - 2) + (-2968 - -2975)
-19
What is the value of 0 + 0 - (-30 + (3 + -23 - -45))?
5
What is the value of -2 - -4 - ((0 - (-4 + 6)) + (-339 - -312))?
31
(-366 - -346) + 15 + -3
-8
1 - (-10 - (61 + 0 - (-29 - -20)))
81
What is the value of (-8 - (15 - (8 + -3))) + -177 + 107?
-88
What is the value of 4 + -26 + 17 - 26?
-31
-54 + 101 - 173 - -90
-36
What is -4 - (1 + (4 - -3 - 13) + 7)?
-6
What is (33 - -50 - 17) + 28 - -12?
106
What is the value of 1 + -2 + 16 + 0 + 2219 + -2214?
20
Evaluate -86 + 230 + -115 - (9 + 6).
14
Calculate (27 - (-11 + 41)) + -25 + -1 + 2.
-27
Evaluate -12533 - -12540 - (-2 + 79 + -2).
-68
Calculate -8 + -2 - (23 + -112 - (27 + -17)).
89
7 + -4 + 5 + 1 + -2 + 1 + 3
11
Calculate -2 + 22 + (48 - 9) + -2 + -8.
49
Calculate 84 - ((95 - 200) + 103 + (1 - 17)).
102
Evaluate -108 - (-15 - (-130 - -139)).
-84
What is 3 + 36 - -5 - (8 + 94 - 85)?
27
Evaluate -19 - 32 - ((-4 - -15) + -30).
-32
Evaluate (-10 - (37 - 57)) + (2 - -66) + -4 + 3.
77
What is the value of (-7 - (-9 + 0 + (93 - 96))) + 7?
12
Calculate -81 + -2 + -778 + 814 - -100.
53
Calculate -8 + 1 + (38 + -81 - -60).
10
Calculate 87 - (-82 + 79) - 154.
-64
Evaluate 21 + (10 - 33) + 30.
28
What is 1803 - 1760 - (0 + 87)?
-44
Calculate -19 + (41 - 27) + -3 + 33 + 1 + -5.
21
What is the value of 7 - (-11 - (3 + -15 + -47))?
-41
Evaluate (43 + -23 - -30) + -29.
21
(-196 - -242) + 5 + -32
19
(-3 - -6) + 19 + -12 + (-89 - -24)
-55
What is (-288 - -369) + -54 + 0 + 29?
56
What is -53 + 0 - (472 + -447)?
-78
Calculate -6 + 0 + (71 - 33) - (-6 + -8).
46
Evaluate -5 - (0 + -15) - 15 - (-20 - (54 - 9)).
60
What is the value of (-11 - (-7 + 5)) + (-27 - (4 + -4 + 0))?
-36
What is 54 + (17 - (-99 - -236))?
-66
Evaluate -27 + -12 - 25 - -102.
38
What is the value of (-14 - (-2 - 6)) + -1 - (-7 - (-8 - -10))?
2
Calculate 23 + (0 - 1) + (-1433 - -1423).
12
What is the value of (29 - (-16 + 37) - (-2 - (-2 - 1))) + -82?
-75
What is (1 - (14 + -11) - -21) + -2?
17
Evaluate -28 - -17 - 77 - -22.
-66
89 - (-21 + (47 - -4))
59
What is the value of (79 - -15) + -19 + 2 + (2 - 4) - 9?
66
What is 2 + 39 + 1028 + -1094?
-25
Calculate 1 + 152 + (-15711 - -15689).
131
Evaluate (108 - (-36 + 43)